{"id":3784,"date":"2022-10-11T10:51:07","date_gmt":"2022-10-11T10:51:07","guid":{"rendered":"http:\/\/fundacioestabanell.cat\/?page_id=3784"},"modified":"2022-11-04T08:44:06","modified_gmt":"2022-11-04T08:44:06","slug":"espacios","status":"publish","type":"page","link":"https:\/\/fundacioestabanell.cat\/es\/que-hacemos\/espacios\/","title":{"rendered":"Espacios"},"content":{"rendered":"<p>Para poder cumplir con nuestros fines fundacionales, consideramos necesario ir m\u00e1s all\u00e1 de la convocatoria de ayudas. Por eso, contamos con la posibilidad de hacer uso de dos espacios en el coraz\u00f3n de l\u2019Arrel de Estabanell, sus hist\u00f3ricas instalaciones en el centro de Granollers.<\/p>\n<p>Uno de estos espacios es <strong>La Galer\u00eda<\/strong>.<\/p>\n<p>Este espacio nos sirve para organizar, por ejemplo, muestras de artes pl\u00e1sticas o eventos literarios. A los que, de la mano de instituciones y entidades de nuestro entorno, pueda acceder toda persona que tenga inter\u00e9s en lo que se expone o lo que se lleva a cabo.<\/p>\n<p>El otro espacio es la <strong>Biblioteca Francesc Estabanell i Fontser\u00e9.<\/strong><\/p>\n<p>En un entorno ideal para la reflexi\u00f3n, el pensamiento y la lectura, trabajamos para que la Biblioteca acoja eventos que puedan ser bien de inter\u00e9s general, bien que den respuesta a actividades m\u00e1s focalizadas en las l\u00edneas de actuaci\u00f3n de los distintos programas de la Fundaci\u00f3n.<\/p>\n<p>Todo ello, en colaboraci\u00f3n con nuestro entorno.<\/p>\n","protected":false},"excerpt":{"rendered":"<p>Para poder cumplir con nuestros fines fundacionales, consideramos necesario ir m\u00e1s all\u00e1 de la convocatoria de ayudas. Por eso, contamos con la posibilidad de hacer uso de dos espacios en el coraz\u00f3n de l\u2019Arrel de Estabanell, sus hist\u00f3ricas instalaciones en el centro de Granollers. Uno de estos espacios es La Galer\u00eda. Este espacio nos sirve [&hellip;]<\/p>\n","protected":false},"author":1,"featured_media":0,"parent":652,"menu_order":0,"comment_status":"closed","ping_status":"closed","template":"","meta":{"_acf_changed":false,"footnotes":""},"class_list":["post-3784","page","type-page","status-publish","hentry"],"acf":[],"yoast_head":"<!-- This site is optimized with the Yoast SEO plugin v27.4 - https:\/\/yoast.com\/product\/yoast-seo-wordpress\/ -->\n<title>Espacios - Fundaci\u00f3 Estabanell<\/title>\n<meta name=\"robots\" content=\"index, follow, max-snippet:-1, max-image-preview:large, max-video-preview:-1\" \/>\n<link rel=\"canonical\" href=\"https:\/\/fundacioestabanell.cat\/es\/que-hacemos\/espacios\/\" \/>\n<meta property=\"og:locale\" content=\"es_ES\" \/>\n<meta property=\"og:type\" content=\"article\" \/>\n<meta property=\"og:title\" content=\"Espacios - Fundaci\u00f3 Estabanell\" \/>\n<meta property=\"og:description\" content=\"Para poder cumplir con nuestros fines fundacionales, consideramos necesario ir m\u00e1s all\u00e1 de la convocatoria de ayudas. Por eso, contamos con la posibilidad de hacer uso de dos espacios en el coraz\u00f3n de l\u2019Arrel de Estabanell, sus hist\u00f3ricas instalaciones en el centro de Granollers. Uno de estos espacios es La Galer\u00eda. Este espacio nos sirve [&hellip;]\" \/>\n<meta property=\"og:url\" content=\"https:\/\/fundacioestabanell.cat\/es\/que-hacemos\/espacios\/\" \/>\n<meta property=\"og:site_name\" content=\"Fundaci\u00f3 Estabanell\" \/>\n<meta property=\"article:modified_time\" content=\"2022-11-04T08:44:06+00:00\" \/>\n<meta name=\"twitter:card\" content=\"summary_large_image\" \/>\n<meta name=\"twitter:label1\" content=\"Tiempo de lectura\" \/>\n\t<meta name=\"twitter:data1\" content=\"1 minuto\" \/>\n<script type=\"application\/ld+json\" class=\"yoast-schema-graph\">{\"@context\":\"https:\\\/\\\/schema.org\",\"@graph\":[{\"@type\":\"WebPage\",\"@id\":\"https:\\\/\\\/fundacioestabanell.cat\\\/es\\\/que-hacemos\\\/espacios\\\/\",\"url\":\"https:\\\/\\\/fundacioestabanell.cat\\\/es\\\/que-hacemos\\\/espacios\\\/\",\"name\":\"Espacios - Fundaci\u00f3 Estabanell\",\"isPartOf\":{\"@id\":\"https:\\\/\\\/fundacioestabanell.cat\\\/es\\\/#website\"},\"datePublished\":\"2022-10-11T10:51:07+00:00\",\"dateModified\":\"2022-11-04T08:44:06+00:00\",\"breadcrumb\":{\"@id\":\"https:\\\/\\\/fundacioestabanell.cat\\\/es\\\/que-hacemos\\\/espacios\\\/#breadcrumb\"},\"inLanguage\":\"es\",\"potentialAction\":[{\"@type\":\"ReadAction\",\"target\":[\"https:\\\/\\\/fundacioestabanell.cat\\\/es\\\/que-hacemos\\\/espacios\\\/\"]}]},{\"@type\":\"BreadcrumbList\",\"@id\":\"https:\\\/\\\/fundacioestabanell.cat\\\/es\\\/que-hacemos\\\/espacios\\\/#breadcrumb\",\"itemListElement\":[{\"@type\":\"ListItem\",\"position\":1,\"name\":\"Inici\",\"item\":\"https:\\\/\\\/fundacioestabanell.cat\\\/es\\\/\"},{\"@type\":\"ListItem\",\"position\":2,\"name\":\"\u00bfQu\u00e9 hacemos?\",\"item\":\"https:\\\/\\\/fundacioestabanell.cat\\\/es\\\/que-hacemos\\\/\"},{\"@type\":\"ListItem\",\"position\":3,\"name\":\"Espacios\"}]},{\"@type\":\"WebSite\",\"@id\":\"https:\\\/\\\/fundacioestabanell.cat\\\/es\\\/#website\",\"url\":\"https:\\\/\\\/fundacioestabanell.cat\\\/es\\\/\",\"name\":\"Fundaci\u00f3 Estabanell\",\"description\":\"Este es vuestro espacio. Aqu\u00ed ten\u00e9is un sitio.\",\"potentialAction\":[{\"@type\":\"SearchAction\",\"target\":{\"@type\":\"EntryPoint\",\"urlTemplate\":\"https:\\\/\\\/fundacioestabanell.cat\\\/es\\\/?s={search_term_string}\"},\"query-input\":{\"@type\":\"PropertyValueSpecification\",\"valueRequired\":true,\"valueName\":\"search_term_string\"}}],\"inLanguage\":\"es\"}]}<\/script>\n<!-- \/ Yoast SEO plugin. -->","yoast_head_json":{"title":"Espacios - Fundaci\u00f3 Estabanell","robots":{"index":"index","follow":"follow","max-snippet":"max-snippet:-1","max-image-preview":"max-image-preview:large","max-video-preview":"max-video-preview:-1"},"canonical":"https:\/\/fundacioestabanell.cat\/es\/que-hacemos\/espacios\/","og_locale":"es_ES","og_type":"article","og_title":"Espacios - Fundaci\u00f3 Estabanell","og_description":"Para poder cumplir con nuestros fines fundacionales, consideramos necesario ir m\u00e1s all\u00e1 de la convocatoria de ayudas. Por eso, contamos con la posibilidad de hacer uso de dos espacios en el coraz\u00f3n de l\u2019Arrel de Estabanell, sus hist\u00f3ricas instalaciones en el centro de Granollers. Uno de estos espacios es La Galer\u00eda. Este espacio nos sirve [&hellip;]","og_url":"https:\/\/fundacioestabanell.cat\/es\/que-hacemos\/espacios\/","og_site_name":"Fundaci\u00f3 Estabanell","article_modified_time":"2022-11-04T08:44:06+00:00","twitter_card":"summary_large_image","twitter_misc":{"Tiempo de lectura":"1 minuto"},"schema":{"@context":"https:\/\/schema.org","@graph":[{"@type":"WebPage","@id":"https:\/\/fundacioestabanell.cat\/es\/que-hacemos\/espacios\/","url":"https:\/\/fundacioestabanell.cat\/es\/que-hacemos\/espacios\/","name":"Espacios - Fundaci\u00f3 Estabanell","isPartOf":{"@id":"https:\/\/fundacioestabanell.cat\/es\/#website"},"datePublished":"2022-10-11T10:51:07+00:00","dateModified":"2022-11-04T08:44:06+00:00","breadcrumb":{"@id":"https:\/\/fundacioestabanell.cat\/es\/que-hacemos\/espacios\/#breadcrumb"},"inLanguage":"es","potentialAction":[{"@type":"ReadAction","target":["https:\/\/fundacioestabanell.cat\/es\/que-hacemos\/espacios\/"]}]},{"@type":"BreadcrumbList","@id":"https:\/\/fundacioestabanell.cat\/es\/que-hacemos\/espacios\/#breadcrumb","itemListElement":[{"@type":"ListItem","position":1,"name":"Inici","item":"https:\/\/fundacioestabanell.cat\/es\/"},{"@type":"ListItem","position":2,"name":"\u00bfQu\u00e9 hacemos?","item":"https:\/\/fundacioestabanell.cat\/es\/que-hacemos\/"},{"@type":"ListItem","position":3,"name":"Espacios"}]},{"@type":"WebSite","@id":"https:\/\/fundacioestabanell.cat\/es\/#website","url":"https:\/\/fundacioestabanell.cat\/es\/","name":"Fundaci\u00f3 Estabanell","description":"Este es vuestro espacio. Aqu\u00ed ten\u00e9is un sitio.","potentialAction":[{"@type":"SearchAction","target":{"@type":"EntryPoint","urlTemplate":"https:\/\/fundacioestabanell.cat\/es\/?s={search_term_string}"},"query-input":{"@type":"PropertyValueSpecification","valueRequired":true,"valueName":"search_term_string"}}],"inLanguage":"es"}]}},"_links":{"self":[{"href":"https:\/\/fundacioestabanell.cat\/es\/wp-json\/wp\/v2\/pages\/3784","targetHints":{"allow":["GET"]}}],"collection":[{"href":"https:\/\/fundacioestabanell.cat\/es\/wp-json\/wp\/v2\/pages"}],"about":[{"href":"https:\/\/fundacioestabanell.cat\/es\/wp-json\/wp\/v2\/types\/page"}],"author":[{"embeddable":true,"href":"https:\/\/fundacioestabanell.cat\/es\/wp-json\/wp\/v2\/users\/1"}],"replies":[{"embeddable":true,"href":"https:\/\/fundacioestabanell.cat\/es\/wp-json\/wp\/v2\/comments?post=3784"}],"version-history":[{"count":5,"href":"https:\/\/fundacioestabanell.cat\/es\/wp-json\/wp\/v2\/pages\/3784\/revisions"}],"predecessor-version":[{"id":3944,"href":"https:\/\/fundacioestabanell.cat\/es\/wp-json\/wp\/v2\/pages\/3784\/revisions\/3944"}],"up":[{"embeddable":true,"href":"https:\/\/fundacioestabanell.cat\/es\/wp-json\/wp\/v2\/pages\/652"}],"wp:attachment":[{"href":"https:\/\/fundacioestabanell.cat\/es\/wp-json\/wp\/v2\/media?parent=3784"}],"curies":[{"name":"wp","href":"https:\/\/api.w.org\/{rel}","templated":true}]}}

<p>Para poder cumplir con nuestros fines fundacionales, consideramos necesario ir más allá de la convocatoria de ayudas. Por eso, contamos con la posibilidad de hacer uso de dos espacios en el corazón de l’Arrel de Estabanell, sus históricas instalaciones en el centro de Granollers.</p>
<p>Uno de estos espacios es <strong>La Galería</strong>.</p>
<p>Este espacio nos sirve para organizar, por ejemplo, muestras de artes plásticas o eventos literarios. A los que, de la mano de instituciones y entidades de nuestro entorno, pueda acceder toda persona que tenga interés en lo que se expone o lo que se lleva a cabo.</p>
<p>El otro espacio es la <strong>Biblioteca Francesc Estabanell i Fontseré.</strong></p>
<p>En un entorno ideal para la reflexión, el pensamiento y la lectura, trabajamos para que la Biblioteca acoja eventos que puedan ser bien de interés general, bien que den respuesta a actividades más focalizadas en las líneas de actuación de los distintos programas de la Fundación.</p>
<p>Todo ello, en colaboración con nuestro entorno.</p>

<p>Para poder cumplir con nuestros fines fundacionales, consideramos necesario ir más allá de la convocatoria de ayudas. Por eso, contamos con la posibilidad de hacer uso de dos espacios en el corazón de l’Arrel de Estabanell, sus históricas instalaciones en el centro de Granollers. Uno de estos espacios es La Galería. Este espacio nos sirve [&hellip;]</p>

<!-- This site is optimized with the Yoast SEO plugin v27.4 - https://yoast.com/product/yoast-seo-wordpress/ -->
<title>Espacios - Fundació Estabanell</title>
<meta name="robots" content="index, follow, max-snippet:-1, max-image-preview:large, max-video-preview:-1" />
<link rel="canonical" href="https://fundacioestabanell.cat/es/que-hacemos/espacios/" />
<meta property="og:locale" content="es_ES" />
<meta property="og:type" content="article" />
<meta property="og:title" content="Espacios - Fundació Estabanell" />
<meta property="og:description" content="Para poder cumplir con nuestros fines fundacionales, consideramos necesario ir más allá de la convocatoria de ayudas. Por eso, contamos con la posibilidad de hacer uso de dos espacios en el corazón de l’Arrel de Estabanell, sus históricas instalaciones en el centro de Granollers. Uno de estos espacios es La Galería. Este espacio nos sirve [&hellip;]" />
<meta property="og:url" content="https://fundacioestabanell.cat/es/que-hacemos/espacios/" />
<meta property="og:site_name" content="Fundació Estabanell" />
<meta property="article:modified_time" content="2022-11-04T08:44:06+00:00" />
<meta name="twitter:card" content="summary_large_image" />
<meta name="twitter:label1" content="Tiempo de lectura" />
	<meta name="twitter:data1" content="1 minuto" />
<script type="application/ld+json" class="yoast-schema-graph">{"@context":"https:\/\/schema.org","@graph":[{"@type":"WebPage","@id":"https:\/\/fundacioestabanell.cat\/es\/que-hacemos\/espacios\/","url":"https:\/\/fundacioestabanell.cat\/es\/que-hacemos\/espacios\/","name":"Espacios - Fundació Estabanell","isPartOf":{"@id":"https:\/\/fundacioestabanell.cat\/es\/#website"},"datePublished":"2022-10-11T10:51:07+00:00","dateModified":"2022-11-04T08:44:06+00:00","breadcrumb":{"@id":"https:\/\/fundacioestabanell.cat\/es\/que-hacemos\/espacios\/#breadcrumb"},"inLanguage":"es","potentialAction":[{"@type":"ReadAction","target":["https:\/\/fundacioestabanell.cat\/es\/que-hacemos\/espacios\/"]}]},{"@type":"BreadcrumbList","@id":"https:\/\/fundacioestabanell.cat\/es\/que-hacemos\/espacios\/#breadcrumb","itemListElement":[{"@type":"ListItem","position":1,"name":"Inici","item":"https:\/\/fundacioestabanell.cat\/es\/"},{"@type":"ListItem","position":2,"name":"¿Qué hacemos?","item":"https:\/\/fundacioestabanell.cat\/es\/que-hacemos\/"},{"@type":"ListItem","position":3,"name":"Espacios"}]},{"@type":"WebSite","@id":"https:\/\/fundacioestabanell.cat\/es\/#website","url":"https:\/\/fundacioestabanell.cat\/es\/","name":"Fundació Estabanell","description":"Este es vuestro espacio. Aquí tenéis un sitio.","potentialAction":[{"@type":"SearchAction","target":{"@type":"EntryPoint","urlTemplate":"https:\/\/fundacioestabanell.cat\/es\/?s={search_term_string}"},"query-input":{"@type":"PropertyValueSpecification","valueRequired":true,"valueName":"search_term_string"}}],"inLanguage":"es"}]}</script>
<!-- / Yoast SEO plugin. -->

Espacios - Fundació Estabanell

Para poder cumplir con nuestros fines fundacionales, consideramos necesario ir más allá de la convocatoria de ayudas. Por eso, contamos con la posibilidad de hacer uso de dos espacios en el corazón de l’Arrel de Estabanell, sus históricas instalaciones en el centro de Granollers. Uno de estos espacios es La Galería. Este espacio nos sirve [&hellip;]

Fundació Estabanell

¿Qué hacemos?

Este es vuestro espacio. Aquí tenéis un sitio.
