{"version":"1.0","provider_name":"Fundaci\u00f3 Estabanell","provider_url":"https:\/\/fundacioestabanell.cat\/es\/","author_name":"admin","author_url":"https:\/\/fundacioestabanell.cat\/es\/author\/admin-2-2-2-2\/","title":"Espacios - Fundaci\u00f3 Estabanell","type":"rich","width":600,"height":338,"html":"<blockquote class=\"wp-embedded-content\" data-secret=\"CeGF1tFxO6\"><a href=\"https:\/\/fundacioestabanell.cat\/es\/que-hacemos\/espacios\/\">Espacios<\/a><\/blockquote><iframe sandbox=\"allow-scripts\" security=\"restricted\" src=\"https:\/\/fundacioestabanell.cat\/es\/que-hacemos\/espacios\/embed\/#?secret=CeGF1tFxO6\" width=\"600\" height=\"338\" title=\"\u00abEspacios\u00bb \u2014 Fundaci\u00f3 Estabanell\" data-secret=\"CeGF1tFxO6\" frameborder=\"0\" marginwidth=\"0\" marginheight=\"0\" scrolling=\"no\" class=\"wp-embedded-content\"><\/iframe><script type=\"text\/javascript\">\n\/* <![CDATA[ *\/\n\/*! This file is auto-generated *\/\n!function(d,l){\"use strict\";l.querySelector&&d.addEventListener&&\"undefined\"!=typeof URL&&(d.wp=d.wp||{},d.wp.receiveEmbedMessage||(d.wp.receiveEmbedMessage=function(e){var t=e.data;if((t||t.secret||t.message||t.value)&&!\/[^a-zA-Z0-9]\/.test(t.secret)){for(var s,r,n,a=l.querySelectorAll('iframe[data-secret=\"'+t.secret+'\"]'),o=l.querySelectorAll('blockquote[data-secret=\"'+t.secret+'\"]'),c=new RegExp(\"^https?:$\",\"i\"),i=0;i<o.length;i++)o[i].style.display=\"none\";for(i=0;i<a.length;i++)s=a[i],e.source===s.contentWindow&&(s.removeAttribute(\"style\"),\"height\"===t.message?(1e3<(r=parseInt(t.value,10))?r=1e3:~~r<200&&(r=200),s.height=r):\"link\"===t.message&&(r=new URL(s.getAttribute(\"src\")),n=new URL(t.value),c.test(n.protocol))&&n.host===r.host&&l.activeElement===s&&(d.top.location.href=t.value))}},d.addEventListener(\"message\",d.wp.receiveEmbedMessage,!1),l.addEventListener(\"DOMContentLoaded\",function(){for(var e,t,s=l.querySelectorAll(\"iframe.wp-embedded-content\"),r=0;r<s.length;r++)(t=(e=s[r]).getAttribute(\"data-secret\"))||(t=Math.random().toString(36).substring(2,12),e.src+=\"#?secret=\"+t,e.setAttribute(\"data-secret\",t)),e.contentWindow.postMessage({message:\"ready\",secret:t},\"*\")},!1)))}(window,document);\n\/\/# sourceURL=https:\/\/fundacioestabanell.cat\/wp-includes\/js\/wp-embed.min.js\n\/* ]]> *\/\n<\/script>\n","description":"Para poder cumplir con nuestros fines fundacionales, consideramos necesario ir m\u00e1s all\u00e1 de la convocatoria de ayudas. Por eso, contamos con la posibilidad de hacer uso de dos espacios en el coraz\u00f3n de l\u2019Arrel de Estabanell, sus hist\u00f3ricas instalaciones en el centro de Granollers. Uno de estos espacios es La Galer\u00eda. Este espacio nos sirve [&hellip;]"}

Fundació Estabanell

Espacios - Fundació Estabanell

<blockquote class="wp-embedded-content" data-secret="CeGF1tFxO6"><a href="https://fundacioestabanell.cat/es/que-hacemos/espacios/">Espacios</a></blockquote><iframe sandbox="allow-scripts" security="restricted" src="https://fundacioestabanell.cat/es/que-hacemos/espacios/embed/#?secret=CeGF1tFxO6" width="600" height="338" title="«Espacios» — Fundació Estabanell" data-secret="CeGF1tFxO6" frameborder="0" marginwidth="0" marginheight="0" scrolling="no" class="wp-embedded-content"></iframe><script type="text/javascript">
/* <![CDATA[ */
/*! This file is auto-generated */
!function(d,l){"use strict";l.querySelector&&d.addEventListener&&"undefined"!=typeof URL&&(d.wp=d.wp||{},d.wp.receiveEmbedMessage||(d.wp.receiveEmbedMessage=function(e){var t=e.data;if((t||t.secret||t.message||t.value)&&!/[^a-zA-Z0-9]/.test(t.secret)){for(var s,r,n,a=l.querySelectorAll('iframe[data-secret="'+t.secret+'"]'),o=l.querySelectorAll('blockquote[data-secret="'+t.secret+'"]'),c=new RegExp("^https?:$","i"),i=0;i<o.length;i++)o[i].style.display="none";for(i=0;i<a.length;i++)s=a[i],e.source===s.contentWindow&&(s.removeAttribute("style"),"height"===t.message?(1e3<(r=parseInt(t.value,10))?r=1e3:~~r<200&&(r=200),s.height=r):"link"===t.message&&(r=new URL(s.getAttribute("src")),n=new URL(t.value),c.test(n.protocol))&&n.host===r.host&&l.activeElement===s&&(d.top.location.href=t.value))}},d.addEventListener("message",d.wp.receiveEmbedMessage,!1),l.addEventListener("DOMContentLoaded",function(){for(var e,t,s=l.querySelectorAll("iframe.wp-embedded-content"),r=0;r<s.length;r++)(t=(e=s[r]).getAttribute("data-secret"))||(t=Math.random().toString(36).substring(2,12),e.src+="#?secret="+t,e.setAttribute("data-secret",t)),e.contentWindow.postMessage({message:"ready",secret:t},"*")},!1)))}(window,document);
//# sourceURL=https://fundacioestabanell.cat/wp-includes/js/wp-embed.min.js
/* ]]> */
</script>

Para poder cumplir con nuestros fines fundacionales, consideramos necesario ir más allá de la convocatoria de ayudas. Por eso, contamos con la posibilidad de hacer uso de dos espacios en el corazón de l’Arrel de Estabanell, sus históricas instalaciones en el centro de Granollers. Uno de estos espacios es La Galería. Este espacio nos sirve [&hellip;]
